{"id":636,"date":"2025-09-05T15:18:16","date_gmt":"2025-09-05T15:18:16","guid":{"rendered":"https:\/\/refric.com.tr\/?post_type=product&#038;p=636"},"modified":"2025-09-05T15:22:02","modified_gmt":"2025-09-05T15:22:02","slug":"vynn-salata-teshir-reyonu","status":"publish","type":"product","link":"https:\/\/refric.com.tr\/?product=vynn-salata-teshir-reyonu","title":{"rendered":"VYNN &#8211; SALATA TE\u015eH\u0130R REYONU (150 CM)"},"content":{"rendered":"","protected":false},"excerpt":{"rendered":"<h4>\u00d6ZELL\u0130KLER :<\/h4>\n<ul>\n<li>D\u0131\u015f g\u00f6vde paslanmaz \u00e7elik Aisi 430,<br \/>\n\u0130\u00e7 g\u00f6vde AISI 304 se\u00e7ene\u011fi.<\/li>\n<li>40 mm kal\u0131nl\u0131k ve 37\/45 kg\/m\u00b3 yo\u011funluk<br \/>\nile \u00e7evre dostu (CFC i\u00e7ermeyen) poli\u00fcretan yal\u0131t\u0131m.<\/li>\n<li>Dijital kontroll\u00fc kontrol paneli<\/li>\n<li>+0\u00b0C \/ +4\u00b0C \u00e7al\u0131\u015fma aral\u0131\u011f\u0131.<\/li>\n<li>GN 1\/1 K\u00fcvetler<\/li>\n<li>En23953&#8217;e g\u00f6re, 32\u00b0C, Rh %65 ve 41\u00b0C Rh<br \/>\n%70 \u00e7al\u0131\u015fma ko\u015fullar\u0131na uygundur.<\/li>\n<li>R134a, so\u011futucu gaz.<\/li>\n<li>Opsiyonel \u00f6n ah\u015fap diydirme dekor.<\/li>\n<li>M\u00fc\u015fteri do\u011frultusunda standart \u00f6l\u00e7\u00fc ve<br \/>\n\u00f6zel \u00f6l\u00e7\u00fc se\u00e7enekleri ile \u00fcretilmektedir.<\/li>\n<\/ul>\n<hr \/>\n<h4>\u00d6L\u00c7\u00dcLER:<\/h4>\n<ul>\n<li>125*88*133cm &#8211; 210 KG<\/li>\n<li>150*88*133 cm &#8211; 230 KG<\/li>\n<li>200*88*133 cm &#8211; 290 KG<\/li>\n<li>250*88*133 cm &#8211; 350 KG<\/li>\n<\/ul>\n","protected":false},"featured_media":637,"comment_status":"open","ping_status":"closed","template":"","meta":{"saved_in_kubio":false},"product_brand":[],"product_cat":[34],"product_tag":[],"class_list":{"0":"post-636","1":"product","2":"type-product","3":"status-publish","4":"has-post-thumbnail","6":"product_cat-sogutma","8":"first","9":"instock","10":"shipping-taxable","11":"product-type-grouped"},"_links":{"self":[{"href":"https:\/\/refric.com.tr\/index.php?rest_route=\/wp\/v2\/product\/636","targetHints":{"allow":["GET"]}}],"collection":[{"href":"https:\/\/refric.com.tr\/index.php?rest_route=\/wp\/v2\/product"}],"about":[{"href":"https:\/\/refric.com.tr\/index.php?rest_route=\/wp\/v2\/types\/product"}],"replies":[{"embeddable":true,"href":"https:\/\/refric.com.tr\/index.php?rest_route=%2Fwp%2Fv2%2Fcomments&post=636"}],"wp:featuredmedia":[{"embeddable":true,"href":"https:\/\/refric.com.tr\/index.php?rest_route=\/wp\/v2\/media\/637"}],"wp:attachment":[{"href":"https:\/\/refric.com.tr\/index.php?rest_route=%2Fwp%2Fv2%2Fmedia&parent=636"}],"wp:term":[{"taxonomy":"product_brand","embeddable":true,"href":"https:\/\/refric.com.tr\/index.php?rest_route=%2Fwp%2Fv2%2Fproduct_brand&post=636"},{"taxonomy":"product_cat","embeddable":true,"href":"https:\/\/refric.com.tr\/index.php?rest_route=%2Fwp%2Fv2%2Fproduct_cat&post=636"},{"taxonomy":"product_tag","embeddable":true,"href":"https:\/\/refric.com.tr\/index.php?rest_route=%2Fwp%2Fv2%2Fproduct_tag&post=636"}],"curies":[{"name":"wp","href":"https:\/\/api.w.org\/{rel}","templated":true}]}}